 -187. What is the units digit of f(p)?
8
Suppose 15 = -5*d - 2*o + 65, 4*d - 5*o - 73 = 0. Let i = 27 - d. What is the units digit of i?
5
Let u(x) = -x**3 - 18*x**2 + 16*x + 2. Suppose 59 = 8*l + 211. Let c be u(l). Suppose -2*n - 3*s = -114, -3*s = 3*n - c - 115. What is the units digit of n?
0
Suppose 3950 = 3*f - 2*u, 5*u = 20*f - 19*f - 1321. What is the units digit of f?
6
Suppose 3*c - 6 = -3*v - 0*v, -3*v + 3*c = 0. Let o = v - -5. Suppose 3*t = o*t - 144. What is the units digit of t?
8
Let y(z) = -2*z**3 - 45*z**2 + 14*z - 12. What is the tens digit of y(-23)?
9
Let r(n) = -726*n - 20. What is the units digit of r(-1)?
6
Let k be (3/(-3))/((-5)/35). Suppose 0*g - 5*g = 5, k = -r + 5*g. What is the tens digit of 90/r*(-2 - 6)?
6
Let n(i) = 17*i**2 + 51*i + 2. What is the hundreds digit of n(6)?
9
Let j(t) be the second derivative of t**6/144 - t**5/24 - t**4/12 - t. Let p(n) be the third derivative of j(n). What is the tens digit of p(6)?
2
Suppose -189 - 33 = -3*x. Suppose -6*r - x = -7*r. What is the tens digit of r?
7
Let v be 2/((2/(-12))/(11/(-6))). Let y = -14 + v. What is the units digit of y?
8
Suppose -121*y + 106*y = -38070. What is the tens digit of y?
3
Let c = -6 - -6. Suppose c*m = -4*m + 48. What is the tens digit of m - -2*(0 - -1)?
1
Let t = 866 + -101. What is the tens digit of t?
6
What is the tens digit of 141210/84 + 11/(-154)?
8
What is the hundreds digit of (10/4)/(6/276)?
1
Let i = 4 - 0. Suppose -i*v = 2*s + 22, 0*v + v = 2*s + 2. What is the units digit of 21/15*(2 - s)?
7
Let u(q) be the second derivative of 145*q**4/12 - q**3/6 - q**2/2 - 14*q. What is the tens digit of u(-1)?
4
Suppose 36*l - 45*l = -5877. What is the hundreds digit of l?
6
Let m = 20 - 15. Suppose -m*q + 12 = -8. Suppose 36 = q*p - 52. What is the units digit of p?
2
Let g(m) = 2*m**2 + 92*m + 290. What is the units digit of g(-68)?
2
Suppose 3*d = 4*d - 4*p + 43, 4*d + p + 104 = 0. Suppose -5*j + 68 = 4*w - 60, -97 = -3*w - 4*j. Let q = w - d. What is the units digit of q?
4
Suppose -a + 4 = -2*a. Let h(z) = -4*z**3 - 7*z**2 - 4*z - 3. What is the hundreds digit of h(a)?
1
Let h = 123 - 109. What is the hundreds digit of 1442/8 - h/56?
1
Let n(b) = 8*b - 22. Suppose -j + 14 = -0*j. What is the tens digit of n(j)?
9
Let f(h) = h**3 + 11*h**2 + 7*h + 1. Suppose 0*d + 6 = 2*d. Suppose -d*m = 3*t + 21, -5*m - 62 = -5*t + t. What is the tens digit of f(m)?
3
Suppose -2*l - 5*u + 203 = 50, 0 = l + 2*u - 78. Let d = 143 - l. What is the units digit of d?
9
Suppose -193 = -u + 546. What is the tens digit of u?
3
Let m be 1/2*-2 - -45. Suppose k - 2*n = m, 1 + 8 = 3*n. What is the units digit of k?
0
Let f = -160 - -373. Suppose y + 2*y = f. What is the tens digit of y?
7
Let y = -60 - -50. What is the hundreds digit of 8148/70 + (-2)/y*3?
1
Let l(p) be the second derivative of -p**5/20 - p**4/12 + 13*p**2/2 - p + 2. Let r = 2 + -2. What is the units digit of l(r)?
3
Let j be 0 - 9/((-18)/100). Suppose 0 = -5*s + 5*i + j, 0 = i - 1 - 1. What is the tens digit of s/(-9)*204/(-8)?
3
Suppose -2*q + 53 = -137. Suppose -4*j + q = -49. What is the units digit of j?
6
Let c(n) = -1494*n**3 - n**2 - 3*n - 2. Let g be c(-1). Suppose -13*y = -7*y - g. What is the tens digit of y?
4
Suppose 0 = 2*z - 0 + 10. What is the units digit of (1/4)/(z/(-20))?
1
Let a(h) = -h**2 - 5*h + 25. What is the tens digit of a(0)?
2
Let y be 65*(-7)/(105/(-18)). Let f(p) = p**3 + 7*p**2 + 6*p - 12. Let o be f(-4). What is the tens digit of (16/o - 1)*y?
2
Let j be (-4 + 94/1)*4/6. Suppose -22*q + j = -19*q. What is the tens digit of q?
2
Suppose -5*u = 5*d + 15, 0*u - 12 = -3*d + 4*u. Suppose -3*s - 52 - 14 = d. Let o = s - -33. What is the units digit of o?
1
Let r(n) = n**3 + 6*n**2 + 4*n + 4. Let g(w) = w**3 + 2*w**2 - 2*w - 1. Let h be g(-3). Let c be r(h). Suppose c + 54 = 2*f. What is the units digit of f?
7
Suppose 0 = 4*h + 5*i, -3*i = -h - 20 + 3. Let n(m) = m - 7. Let u(w) = 2*w - 13. Let f(k) = h*n(k) + 3*u(k). What is the units digit of f(7)?
3
Let s = 2088 - 1316. What is the tens digit of s?
7
Let q = -32 + 27. Let l = q + 5. Suppose 0 = -z - 0*z + d + 10, l = 3*z + 4*d - 16. What is the units digit of z?
8
Let u(m) = m**3 + 3*m**2 - 10*m + 5. Let o(n) = -n**2 - 7*n + 34. Let v be o(-10). What is the units digit of u(v)?
7
Suppose 3*c - 60 = -45. Suppose 2*k - 382 = -c*p + 130, -3*p + 3*k = -324. What is the hundreds digit of p?
1
Suppose 5*p - 56 = 19. Let s be 1047/p - 1/(-5). Let q = s + -24. What is the units digit of q?
6
Suppose 5*l - 23 = 22. Suppose -y + 26 = -o - l, -5*o - 220 = 4*y. Let i = 68 + o. What is the units digit of i?
8
Suppose 5*n = -3*y - 20 + 105, -4*n + 5*y = -105. What is the units digit of n?
0
Suppose 0 = 27*k - 29*k + 5*d + 3181, -4*k - 4*d = -6320. What is the thousands digit of k?
1
Let s = 233 - -35. What is the tens digit of s?
6
Suppose -1257 = 17*t - 4640. Suppose -3*k = -t - 47. What is the tens digit of k?
8
Suppose -16*w + 5*w = -6193. What is the tens digit of w?
6
Let x(n) = -9 - 2*n**3 + 4 + 4*n + 3*n**3 - 11*n**2. What is the tens digit of x(11)?
3
Suppose -17*b + 12*b = 4*c - 1532, 5*c - 1915 = -b. What is the hundreds digit of c?
3
Suppose -5*z = -2*b - 1221, -3*b - 99 = z - 350. What is the hundreds digit of z?
2
Suppose 0 = -4*p + 4 + 8. Suppose -2*l = l - 39. Let m = l + p. What is the tens digit of m?
1
Let w be ((-136)/340)/(1 - 6/5). Suppose -10*z + w*z = -792. What is the tens digit of z?
9
Let v be (-92)/16 + (-2)/8. Let u be ((-21)/v + -3)*4. Suppose u*q + 56 = 6*q. What is the units digit of q?
4
Suppose -2*q = 6 - 10. Suppose -3*z - 119 = -q*t, 0 = -3*z + 5*z + 6. What is the units digit of t?
5
Let n(m) = 197*m - 57. What is the tens digit of n(5)?
2
Suppose 7*i - 5*i + 144 = 0. Let k = i - -89. What is the tens digit of k?
1
Let q = 131 + -78. What is the tens digit of q?
5
Let p(z) = -z + 23. Let w be p(19). Suppose 41 = -w*d + 5*d. What is the units digit of d?
1
Let i = 889 - 505. What is the tens digit of i?
8
Let g(f) = 73*f + 327. What is the units digit of g(13)?
6
Suppose -2*t - 6 = 3*k - 2, -2*k - 10 = 5*t. Suppose 0 = 4*x + 2*q - 354, k*x + x + q = 91. What is the tens digit of x?
8
Let i = 8953 + -6027. What is the hundreds digit of i?
9
Suppose 0 = -69*l + 68*l + 354. Suppose 3*f + l = 9*f. What is the units digit of f?
9
Let b = -727 - -798. What is the units digit of b?
1
Suppose -t - 10*t = 143. Let n = 139 - t. What is the tens digit of n?
5
Let d(v) = -7*v - 236. What is the units digit of d(-35)?
9
Let w(h) = 165*h + 106. What is the hundreds digit of w(5)?
9
What is the thousands digit of (36/60)/(1/2815)?
1
Let z = -906 - -1833. What is the tens digit of z?
2
Let m(y) = 1478*y**2 + 11*y - 10. What is the tens digit of m(1)?
7
Suppose 3*q - 3 = -0*q, -5*v = -2*q - 8. Suppose 3*c - 2*l = -c + 18, 5*l = -v*c - 21. Suppose 5*j = c*j + 129. What is the units digit of j?
3
Suppose -s + 0*s = p - 49, 0 = -4*p + 2*s + 196. Suppose 3*j - 328 = -4*h, 0 = -4*j - j. Let v = h - p. What is the tens digit of v?
3
Let d be (-16)/(-7) - (-6)/(-21). Suppose -5*h = -5*m - 15, h + 2 = d*m + 9. What is the tens digit of (m + -22)*2/(-4)?
1
Let g = 579 + -480. What is the units digit of g?
9
Let f(t) = -178*t**2 + t. Let x be f(1). Let u = -98 - x. Let n = 113 - u. What is the tens digit of n?
3
Suppose -7*s + 845 = -3075. What is the units digit of s?
0
Let l(d) = 88*d + 1. Let n be l(-1). Let f be n/(-18) - (-1)/6. Suppose 2*q - 2 = y, -f*q + 0*q + 35 = 5*y. What is the units digit of q?
3
What is the units digit of (-11)/(-33)*6495 - -1?
6
Suppose -5*q = -2*j + 1806 - 94, 4318 = 5*j - 3*q. What is the tens digit of j?
6
Suppose -c + 0*z = 2*z - 24, -4*c + 110 = z. Let a(x) = 9*x - 4. Let v be a(-1). Let b = c + v. What is the units digit of b?
5
Suppose 0 = 5*s + 2*l - 1 + 79, -84 = 5*s - 4*l. Let h be 12/s - (-22)/8. Suppose 27 = 5*t + h*k, t = 5*t + 3*k - 16. What is the units digit of t?
7
Let u be (-18)/15*(-25)/10. Let d be -2 - (u - 9 - -1). What is the units digit of (2/6)/(d/531)?
9
Let w = -10 + 10. Let v(c) = c**2 + c + 3. Let j be v(w). Suppose 5*t + j*g - 75 = 0, 4 = 2*t - 4*g - 0. What is the tens digit of t?
1
Let p(h) = -h**3 - 2*h**2 - 5*h - 2. Let x be p(-3). What is the units digi